 - 1. Let d(y) = -y**3 - 3*y**2 - 5*y - 3. Let k be d(-3). Suppose -5*z = z - k. Give o(z).
27
Let a be -18 - -22 - 2*2. Suppose -2*i - 4*z + 24 = a, -4*z - 32 = -8*i + 3*i. Let c(o) = -o + 4. Give c(i).
-4
Let v(s) = -6*s**2 + 2*s + 2. Let w(j) = -41*j**2 - 247*j - 4. Let o be w(-6). Give v(o).
-18
Let y(j) = -2*j + 3. Suppose -3*l + 4*l - 4*r = 13, -5*l - 2*r - 45 = 0. Let z(u) = -3*u + 4. Let t(f) = l*y(f) + 5*z(f). Determine t(-1).
0
Let o be 17 - 13 - 4*3. Let t(c) = c**3 + 8*c**2 + 6. Give t(o).
6
Let z(r) be the first derivative of r**5/60 - r**4/24 - 7*r**3/6 - 13*r**2/2 + 7. Let a(t) be the second derivative of z(t). Calculate a(0).
-7
Let q = -3 - -8. Suppose -2*x - 4 = -3*p, -2*p + q*p - 10 = 5*x. Let w(y) = -y**2 - y - 21. What is w(p)?
-21
Let a be ((-8)/12)/(1/(-9)). Let q(s) = -4*s + s + 7*s + a + 27*s**3 - 29*s**3. Let h(r) = -r**3 + r**2 + 4*r + 5. Let m(c) = -3*h(c) + 2*q(c). Give m(-3).
9
Let v(k) be the first derivative of -18 - 4*k**2 + 0 - 2*k**2 + 5 - k. What is v(-1)?
11
Let s(p) = 2 + 410*p**2 - 191*p**2 - 6*p - 218*p**2. Let u(x) = x**2. Let z be u(-2). What is s(z)?
-6
Let d(y) = 7*y + 3. Let j be (2/3)/((-48)/216). Determine d(j).
-18
Suppose 30*j - 111 = 39. Suppose 5*x = -3 - 2. Let w(q) = -4*q - 8. Let f(d) = -1. Let m(y) = j*f(y) + x*w(y). Give m(4).
19
Let b(v) = 7*v**3 + 3*v**2 - 8*v - 14. Let s(a) = -5*a**3 - 4*a**2 + 7*a + 12. Let h(n) = -3*b(n) - 4*s(n). Give h(6).
6
Let y = 16 + -12. Suppose 0*q - y = -4*q. Let o(g) = -9*g**3. What is o(q)?
-9
Suppose -f - 3 = -2*b, 603*f + 15 = 3*b + 598*f. Let l(k) be the third derivative of 0 + k**2 + 1/24*k**4 + 2/3*k**3 + 0*k. What is l(b)?
4
Let r(v) = v**2 - v - 6. Let b(f) = -f**2 + f + 5. Let y(h) = -3*b(h) - 2*r(h). Determine y(0).
-3
Let q(f) be the second derivative of -f**4/12 - 5*f**3/6 - 2*f**2 + 494*f. Calculate q(-8).
-28
Let s(f) = f**2 - 5*f + 4. Suppose 11*h - 120 = 5*h. Let l be h/15 - 5/(-3). Calculate s(l).
-2
Suppose -3*v = -v - 6. Let s(l) = 2 + l**3 - l**2 - 2*l**3 + v. Let o = -387 + 387. Calculate s(o).
5
Suppose 48*d - 49*d - 4*r + 12 = 0, -3*r + 20 = -2*d. Let z(s) = -s**3 - 6*s**2 - 7*s - 6. What is z(d)?
-10
Let s(c) = c**3 - 2*c + 3. Suppose 5*o = 5*p + 30, 18 = 2*o - 274*p + 269*p. Determine s(o).
59
Suppose 0 = -42*m + 65 - 233. Let f(j) = -j**3 - 5*j**2 - 3*j + 2. Calculate f(m).
-2
Let r(j) = -459 + j**2 + 974 + j**3 + j - 476. What is r(0)?
39
Let d(w) be the second derivative of -w**4/6 + 7*w**3/6 - 5*w**2/2 + 6*w. Suppose -4*p - 69 = 11. Let c = -16 - p. Determine d(c).
-9
Let j(l) = 2*l**3 + l**2 - l - 1. Let a(m) = -m**3 - 13*m**2 + 15*m + 15. Let b be a(-14). Suppose 0 = 3*n - b + 4. Calculate j(n).
-1
Let g(w) = -17*w**3 - 2*w**2 - 6*w + 5. Let j(k) = -15*k**3 - k**2 - 5*k + 4. Let o(s) = -3*g(s) + 4*j(s). Calculate o(1).
-8
Let k = -10 + 2. Let v be k/(-5) + (-4)/(-10). Suppose -5*r = 4*i + 40, -6*r + 5*i = -v*r - 9. Let z(m) = -m**2 - 3*m - 3. Calculate z(r).
-7
Let q(j) be the third derivative of -j**6/120 - j**5/12 - j**4/12 + j**3/2 + j**2 + 16*j. Calculate q(-4).
-5
Let x(s) = s**3 + 8*s**2 + 7*s + 4. Suppose -26 = 4*q - 14*c + 16*c, 4*q - 2*c = -30. Determine x(q).
4
Let q(s) = -6*s**2 + s + 4. Suppose -40*x - v + 3 = -36*x, 2*v = x - 12. Calculate q(x).
-18
Let b(g) be the first derivative of -25 + 3/2*g**2 + 0*g. Give b(1).
3
Let k(w) = 4*w - 18. Let v be k(3). Let x(t) = t**2 + 7*t + 2. Give x(v).
-4
Let f(a) = 8*a + 3. Let k(m) = -8*m - 3. Let g = 29 + -33. Let q(j) = g*f(j) - 3*k(j). Calculate q(-2).
13
Let s(i) = -6*i + 2*i + 24*i - 18. Let x(h) = 11 - 1 - 7*h - 4. Let t(d) = 6*s(d) + 17*x(d). Give t(5).
-1
Suppose 116*l + 3010 = 30*l. Suppose -3*r = -6, -2*j + r - 8 - 74 = 0. Let a = l - j. Let q(v) = -v**3 + 5*v**2 + 5. Calculate q(a).
5
Let w(r) = 3*r**2 - r + 3. Let m(j) = -j**2 - j. Let l(n) = -4*m(n) - w(n). Let z(f) = 37*f - 1 - 5 - f**2 - 29*f. Let t be z(8). Determine l(t).
3
Let q be (0 - 14/(-8))*-4. Let i(y) = 96772*y + 8 + 7*y**2 - 96772*y + y**3. What is i(q)?
8
Let t(r) = r**3 + 9*r**2 + r + 11. Let z be t(-9). Let n(d) = 1 - 5*d**2 - 2*d**2 - 5*d + 4*d**z + 4*d. Give n(2).
-13
Let i(w) = -4*w**2 + 21 + 5*w**2 + 3*w**3 - 23. Give i(-2).
-22
Let w(l) = 2*l + 4. Let s be 0/(7/(-5) - 14/(-35)). Let m be (s + (-1)/2)*2 - 2. Give w(m).
-2
Let l(q) = -2 - 2 + q**3 - q + 0*q**3 + 5*q**2. Let y be (2/(-10) - 1)/(5/25). Let j be y/4*42/9 + 2. Determine l(j).
1
Let w(t) = -43*t + 219. Let u be w(5). Let g(f) = 6*f - 10. What is g(u)?
14
Let r(l) = -l + 8. Let c be r(3). Let f(d) = d**2 - 2*d - 10. Let w be f(c). Let a(n) = n**2 - w + 9*n - 3*n + n + 1. Calculate a(-6).
-10
Let o = 0 - -2. Let i be o + (-3 + 2)*-1. Let f(s) = 2*s**2 - s + 1. Let m(q) = q - 1. Let z(u) = f(u) - 3*m(u). Calculate z(i).
10
Let x(c) = -c**3 - 7*c**2 + 9*c + 5. Suppose 0 = -4*u + 5*p - 196 - 4, -2*u - 74 = 4*p. Let o = 37 + u. Calculate x(o).
-3
Let s(b) = -2*b**3 - b**2 - 2*b + 5. Let d be s(0). Let x(a) = 3*a**3 + 6*a**2 - 3. Let m(p) = 8*p**3 + 11*p**2 - 6. Let h(v) = d*x(v) - 2*m(v). Determine h(8).
-3
Suppose 0*h = -5*h - 25. Let k(o) be the first derivative of 7/3*o**3 + 1/4*o**4 + 3*o + 1 + 4*o**2. Determine k(h).
13
Let v(y) = 3*y - 4. Let z(j) = j**2 - j + 2. Let g be z(2). Calculate v(g).
8
Let k(g) = -3 + 5 - 66*g + 7*g**2 + g**3 + 58*g. Determine k(-8).
2
Let f(q) = 0 - 9*q - 4 + 1357*q**2 - 1356*q**2. Calculate f(7).
-18
Let f(g) be the third derivative of g**4/24 - g**3/3 - 4*g**2 - 23*g. Let c(k) = -k. Let l be c(-1). Let m(w) = -4*w**2. Let a be m(l). What is f(a)?
-6
Let t(w) = -w**2 - 6*w + 10. Let v be 5/((-260)/(-1256)) + (-6)/39. Suppose 3*c = -0*c - v. Give t(c).
-6
Suppose -3521*g = -3529*g + 48. Let y(x) = x**2 - 10*x + 14. Give y(g).
-10
Let c = 47 - 70. Let n = 26 + c. Let y(d) = -1 + 18*d**2 - 2*d**3 + 2*d**n - 20*d**2 + 2*d + d**3. What is y(2)?
3
Let h(j) be the second derivative of -j**5/20 - 2*j**4/3 - 7*j**3/6 - 89*j. Give h(-7).
0
Let s(y) = y**2 + 6*y - 4. Suppose -2 + 11 = 3*g. Let k be g*-4*3/6. Give s(k).
-4
Let l be (-2 - -1) + (-4 - 42/(-6)). Let u(f) = 8*f**2 - 4 - 7*f + 5*f + 1 + 2. Calculate u(l).
27
Let a(p) = -17*p + 29. Let y(i) = 12*i - 27. Let k(v) = -3*a(v) - 4*y(v). Determine k(0).
21
Let f be (-116)/(-24) + (-1)/(-6). Let a(k) = 2 - 1 + 2*k - k - f. Let g(p) = p**3 + 5*p**2 + 3*p + 11. Let l be g(-5). Determine a(l).
-8
Let a(s) = -s**3 + 6*s**2 + 6*s - 5. Let d = 1109 + -1102. Calculate a(d).
-12
Let a(x) = 18*x**2 - 55 + 56 + 4*x**2. Calculate a(-1).
23
Suppose 9*k = -40 - 68. Let f(a) = -a - 12. Give f(k).
0
Let b(h) = 11*h**2 + 2*h**2 - 20*h + 4*h**2 - 38 + 9*h**2 - 27*h**2. Calculate b(-16).
26
Let v(b) = 282 - 62 - 63 - 60 - 96 + 2*b. Suppose 5*x + z + 6 = 0, x = 5*z - 2*z + 2. Give v(x).
-1
Suppose 3*z + 23 = 7*z - 3*p, -z + 3*p + 17 = 0. Let i(a) = -1 + 3*a + z*a - 4 + a**2 - 2. What is i(-7)?
7
Let y(o) = o - 2*o - 3 + 0*o. Let h(i) = 5. Let j(r) = 7. Let s(c) = 4*h(c) - 3*j(c). Let u(d) = -4*s(d) - y(d). What is u(-6)?
1
Let t(k) = 5*k - 3 - 3 + 4 - 3*k**2 + 2*k**2. Give t(6).
-8
Let z(a) = -2*a - 11. Let w(v) = 6*v + 11. Let c(b) = 5*b + 11. Let q(l) = 5*c(l) - 4*w(l). Let g(d) = -3*q(d) - 2*z(d). Calculate g(10).
-1
Suppose -2*r = -3*l - 2*l + 23, 4*r - 19 = -3*l. Let z(c) = c**2 - 5*c + 4. Give z(l).
4
Let j(v) be the third derivative of v**6/120 - v**5/15 - 5*v**4/24 - v**3/2 - 18*v**2. Let r be 3/12 + (-57)/(-12). Determine j(r).
-3
Let s be -31*(1 - -2 - 4). Suppose 30*i + 2 = s*i. Let x(h) = 3*h - 1. Give x(i).
5
Let s = 887 - 886. Let q(f) = 11*f**3 - f - 5*f**3 + 0 + 1. Give q(s).
6
Let b(p) = 5*p**3 + 4*p**2 + 5*p - 5. Let n(k) = -14*k**3 - 11*k**2 - 14*k + 14. Let o(l) = -17*b(l) - 6*n(l). Determine o(-2).
3
Suppose -h + 9 = 2*h. Let u(x) = -2*x. Let f(q) = -3*q. Let k(w) = 3*f(w) - 5*u(w). What is k(h)?
3
Let u be 9/18 - (0 + (-22)/4). Suppose 12 = -u*o - 30. Let z(b) = b**2 + 8*b + 3. What is z(o)?
-4
Let s(b) = 3*b - 1. Suppose -5*p - 4*d - 3 = 0, 0 = 6*p - p - 5*d - 15. What is s(p)?
2
Let p(k) = k**3 - 13*k**2 + 12*k + 7. Let g = 3 - 3. Let j be (9/5)/(6/40 + g). Determine p(j).
7
Let d(v) be the third derivative of -v**6/120 + v**5/12 + v**4/12 + 2*v**3/3 - v**2. Suppose 4*u + 24 - 32 = -4*z, 5*z + 4*u = 13. Calculate d(z).
14
Let v(s) = 735*s - s**2 + 0